[INFO] cloning repository https://github.com/Stateford/mumble-rs
[INFO] running `Command { std: "git" "-c" "credential.helper=" "-c" "credential.helper=/workspace/cargo-home/bin/git-credential-null" "clone" "--bare" "https://github.com/Stateford/mumble-rs" "/workspace/cache/git-repos/https%3A%2F%2Fgithub.com%2FStateford%2Fmumble-rs", kill_on_drop: false }`
[INFO] [stderr] Cloning into bare repository '/workspace/cache/git-repos/https%3A%2F%2Fgithub.com%2FStateford%2Fmumble-rs'...
[INFO] running `Command { std: "git" "rev-parse" "HEAD", kill_on_drop: false }`
[INFO] [stdout] 3a353534e2bd0e23c2e2cf51ace9063aa1829ef6
[INFO] building Stateford/mumble-rs against master#ff34b919075f35a1787659e9c448a34b06bab8de for issue-85264
[INFO] running `Command { std: "git" "clone" "/workspace/cache/git-repos/https%3A%2F%2Fgithub.com%2FStateford%2Fmumble-rs" "/workspace/builds/worker-3/source", kill_on_drop: false }`
[INFO] [stderr] Cloning into '/workspace/builds/worker-3/source'...
[INFO] [stderr] done.
[INFO] validating manifest of git repo https://github.com/Stateford/mumble-rs on toolchain ff34b919075f35a1787659e9c448a34b06bab8de
[INFO] running `Command { std: "/workspace/cargo-home/bin/cargo" "+ff34b919075f35a1787659e9c448a34b06bab8de" "metadata" "--manifest-path" "Cargo.toml" "--no-deps", kill_on_drop: false }`
[INFO] started tweaking git repo https://github.com/Stateford/mumble-rs
[INFO] finished tweaking git repo https://github.com/Stateford/mumble-rs
[INFO] tweaked toml for git repo https://github.com/Stateford/mumble-rs written to /workspace/builds/worker-3/source/Cargo.toml
[INFO] crate git repo https://github.com/Stateford/mumble-rs already has a lockfile, it will not be regenerated
[INFO] running `Command { std: "/workspace/cargo-home/bin/cargo" "+ff34b919075f35a1787659e9c448a34b06bab8de" "fetch" "--manifest-path" "Cargo.toml", kill_on_drop: false }`
[INFO] [stderr]     Blocking waiting for file lock on package cache
[INFO] running `Command { std: "docker" "create" "-v" "/var/lib/crater-agent-workspace/builds/worker-3/target:/opt/rustwide/target:rw,Z" "-v" "/var/lib/crater-agent-workspace/builds/worker-3/source:/opt/rustwide/workdir:ro,Z" "-v" "/var/lib/crater-agent-workspace/cargo-home:/opt/rustwide/cargo-home:ro,Z" "-v" "/var/lib/crater-agent-workspace/rustup-home:/opt/rustwide/rustup-home:ro,Z" "-e" "SOURCE_DIR=/opt/rustwide/workdir" "-e" "CARGO_TARGET_DIR=/opt/rustwide/target" "-e" "CARGO_HOME=/opt/rustwide/cargo-home" "-e" "RUSTUP_HOME=/opt/rustwide/rustup-home" "-w" "/opt/rustwide/workdir" "-m" "1610612736" "--user" "0:0" "--network" "none" "ghcr.io/rust-lang/crates-build-env/linux@sha256:20528e8c29e4536546f0102ce88568b16ea7538393a33fcca951030f7af10457" "/opt/rustwide/cargo-home/bin/cargo" "+ff34b919075f35a1787659e9c448a34b06bab8de" "metadata" "--no-deps" "--format-version=1", kill_on_drop: false }`
[INFO] [stdout] d773b6abb5c8991a8037a8b253b236446846914f0d9f00e92044bd6df965d11b
[INFO] [stderr] WARNING: Your kernel does not support swap limit capabilities or the cgroup is not mounted. Memory limited without swap.
[INFO] running `Command { std: "docker" "start" "-a" "d773b6abb5c8991a8037a8b253b236446846914f0d9f00e92044bd6df965d11b", kill_on_drop: false }`
[INFO] running `Command { std: "docker" "inspect" "d773b6abb5c8991a8037a8b253b236446846914f0d9f00e92044bd6df965d11b", kill_on_drop: false }`
[INFO] running `Command { std: "docker" "rm" "-f" "d773b6abb5c8991a8037a8b253b236446846914f0d9f00e92044bd6df965d11b", kill_on_drop: false }`
[INFO] [stdout] d773b6abb5c8991a8037a8b253b236446846914f0d9f00e92044bd6df965d11b
[INFO] running `Command { std: "docker" "create" "-v" "/var/lib/crater-agent-workspace/builds/worker-3/target:/opt/rustwide/target:rw,Z" "-v" "/var/lib/crater-agent-workspace/builds/worker-3/source:/opt/rustwide/workdir:ro,Z" "-v" "/var/lib/crater-agent-workspace/cargo-home:/opt/rustwide/cargo-home:ro,Z" "-v" "/var/lib/crater-agent-workspace/rustup-home:/opt/rustwide/rustup-home:ro,Z" "-e" "SOURCE_DIR=/opt/rustwide/workdir" "-e" "CARGO_TARGET_DIR=/opt/rustwide/target" "-e" "CARGO_INCREMENTAL=0" "-e" "RUST_BACKTRACE=full" "-e" "RUSTFLAGS=--cap-lints=forbid" "-e" "CARGO_HOME=/opt/rustwide/cargo-home" "-e" "RUSTUP_HOME=/opt/rustwide/rustup-home" "-w" "/opt/rustwide/workdir" "-m" "1610612736" "--user" "0:0" "--network" "none" "ghcr.io/rust-lang/crates-build-env/linux@sha256:20528e8c29e4536546f0102ce88568b16ea7538393a33fcca951030f7af10457" "/opt/rustwide/cargo-home/bin/cargo" "+ff34b919075f35a1787659e9c448a34b06bab8de" "build" "--frozen" "--message-format=json", kill_on_drop: false }`
[INFO] [stdout] 7003b47a00fd361d19b8e66bfffff7a4a4a40a1141d05a41fd43d136c20d122e
[INFO] [stderr] WARNING: Your kernel does not support swap limit capabilities or the cgroup is not mounted. Memory limited without swap.
[INFO] running `Command { std: "docker" "start" "-a" "7003b47a00fd361d19b8e66bfffff7a4a4a40a1141d05a41fd43d136c20d122e", kill_on_drop: false }`
[INFO] [stderr]    Compiling proc-macro2 v1.0.24
[INFO] [stderr]    Compiling unicode-xid v0.2.1
[INFO] [stderr]    Compiling syn v1.0.60
[INFO] [stderr]    Compiling autocfg v1.0.1
[INFO] [stderr]    Compiling cfg-if v1.0.0
[INFO] [stderr]    Compiling getrandom v0.2.2
[INFO] [stderr]    Compiling log v0.4.14
[INFO] [stderr]    Compiling either v1.6.1
[INFO] [stderr]    Compiling pkg-config v0.3.19
[INFO] [stderr]    Compiling scopeguard v1.1.0
[INFO] [stderr]    Compiling remove_dir_all v0.5.3
[INFO] [stderr]    Compiling bitflags v1.2.1
[INFO] [stderr]    Compiling lazy_static v1.4.0
[INFO] [stderr]    Compiling base64 v0.13.0
[INFO] [stderr]    Compiling instant v0.1.9
[INFO] [stderr]    Compiling lock_api v0.4.2
[INFO] [stderr]    Compiling parking_lot_core v0.8.3
[INFO] [stderr]    Compiling itertools v0.9.0
[INFO] [stderr]    Compiling parking_lot v0.11.1
[INFO] [stderr]    Compiling indexmap v1.6.2
[INFO] [stderr]    Compiling tokio v1.2.0
[INFO] [stderr]    Compiling mio v0.7.9
[INFO] [stderr]    Compiling rand_core v0.6.2
[INFO] [stderr]    Compiling openssl-sys v0.9.60
[INFO] [stderr]    Compiling rand_chacha v0.3.0
[INFO] [stderr]    Compiling quote v1.0.9
[INFO] [stderr]    Compiling rand v0.8.3
[INFO] [stderr]    Compiling petgraph v0.5.1
[INFO] [stderr]    Compiling openssl v0.10.32
[INFO] [stderr]    Compiling tempfile v3.2.0
[INFO] [stderr]    Compiling thiserror-impl v1.0.24
[INFO] [stderr]    Compiling prost-derive v0.7.0
[INFO] [stderr]    Compiling futures-macro v0.3.13
[INFO] [stderr]    Compiling pin-project-internal v1.0.5
[INFO] [stderr]    Compiling tokio-macros v1.1.0
[INFO] [stderr]    Compiling futures-util v0.3.13
[INFO] [stderr]    Compiling thiserror v1.0.24
[INFO] [stderr]    Compiling which v4.0.2
[INFO] [stderr]    Compiling pin-project v1.0.5
[INFO] [stderr]    Compiling prost-build v0.7.0
[INFO] [stderr]    Compiling prost v0.7.0
[INFO] [stderr]    Compiling prost-types v0.7.0
[INFO] [stderr]    Compiling futures-executor v0.3.13
[INFO] [stderr]    Compiling futures v0.3.13
[INFO] [stderr]    Compiling mumble-rs v0.1.0 (/opt/rustwide/workdir)
[INFO] [stderr]    Compiling tokio-openssl v0.6.1
[INFO] [stdout] error[E0425]: cannot find value `MUMBLE_IP` in this scope
[INFO] [stdout]   --> src/main.rs:28:40
[INFO] [stdout]    |
[INFO] [stdout] 28 |     let mut client = MumbleClient::new(MUMBLE_IP).await?;
[INFO] [stdout]    |                                        ^^^^^^^^^ not found in this scope
[INFO] [stdout] 
[INFO] [stdout] 
[INFO] [stdout] error[E0425]: cannot find value `CLIENT_NAME` in this scope
[INFO] [stdout]   --> src/main.rs:29:33
[INFO] [stdout]    |
[INFO] [stdout] 29 |     client.set_client_info(Some(CLIENT_NAME), Some(CLIENT_VERSION));
[INFO] [stdout]    |                                 ^^^^^^^^^^^ not found in this scope
[INFO] [stdout] 
[INFO] [stdout] 
[INFO] [stdout] error[E0425]: cannot find value `CLIENT_VERSION` in this scope
[INFO] [stdout]   --> src/main.rs:29:52
[INFO] [stdout]    |
[INFO] [stdout] 29 |     client.set_client_info(Some(CLIENT_NAME), Some(CLIENT_VERSION));
[INFO] [stdout]    |                                                    ^^^^^^^^^^^^^^ not found in this scope
[INFO] [stdout] 
[INFO] [stdout] 
[INFO] [stdout] error[E0425]: cannot find value `MUMBLE_USERNAME` in this scope
[INFO] [stdout]   --> src/main.rs:30:25
[INFO] [stdout]    |
[INFO] [stdout] 30 |     client.set_username(MUMBLE_USERNAME).await;
[INFO] [stdout]    |                         ^^^^^^^^^^^^^^^ not found in this scope
[INFO] [stdout] 
[INFO] [stdout] 
[INFO] [stdout] error[E0425]: cannot find value `MUMBLE_PASSWORD` in this scope
[INFO] [stdout]   --> src/main.rs:31:30
[INFO] [stdout]    |
[INFO] [stdout] 31 |     client.set_password(Some(MUMBLE_PASSWORD));
[INFO] [stdout]    |                              ^^^^^^^^^^^^^^^ not found in this scope
[INFO] [stdout] 
[INFO] [stdout] 
[INFO] [stdout] error[E0425]: cannot find value `FILE_TO_SEND` in this scope
[INFO] [stdout]   --> src/main.rs:45:23
[INFO] [stdout]    |
[INFO] [stdout] 45 |     client.send_image(FILE_TO_SEND).await?;
[INFO] [stdout]    |                       ^^^^^^^^^^^^ not found in this scope
[INFO] [stdout] 
[INFO] [stdout] 
[INFO] [stdout] warning: unused import: `UdpPacket`
[INFO] [stdout]  --> src/mumble.rs:6:41
[INFO] [stdout]   |
[INFO] [stdout] 6 | use crate::voice::packet::{AudioPacket, UdpPacket};
[INFO] [stdout]   |                                         ^^^^^^^^^
[INFO] [stdout]   |
[INFO] [stdout]   = note: `#[warn(unused_imports)]` on by default
[INFO] [stdout] 
[INFO] [stdout] 
[INFO] [stdout] warning: variant `CELT_Alpha` should have an upper camel case name
[INFO] [stdout]  --> src/voice/packet.rs:9:5
[INFO] [stdout]   |
[INFO] [stdout] 9 |     CELT_Alpha = 0b0000_0000,
[INFO] [stdout]   |     ^^^^^^^^^^ help: convert the identifier to upper camel case: `CeltAlpha`
[INFO] [stdout]   |
[INFO] [stdout]   = note: `#[warn(non_camel_case_types)]` on by default
[INFO] [stdout] 
[INFO] [stdout] 
[INFO] [stdout] warning: variant `CELT_Beta` should have an upper camel case name
[INFO] [stdout]   --> src/voice/packet.rs:12:5
[INFO] [stdout]    |
[INFO] [stdout] 12 |     CELT_Beta = 0b0110_0000,
[INFO] [stdout]    |     ^^^^^^^^^ help: convert the identifier to upper camel case: `CeltBeta`
[INFO] [stdout] 
[INFO] [stdout] 
[INFO] [stdout] warning: unreachable expression
[INFO] [stdout]   --> src/main.rs:50:5
[INFO] [stdout]    |
[INFO] [stdout] 47 |     loop {}
[INFO] [stdout]    |     ------- any code following this expression is unreachable
[INFO] [stdout] ...
[INFO] [stdout] 50 |     Ok(())
[INFO] [stdout]    |     ^^^^^^ unreachable expression
[INFO] [stdout]    |
[INFO] [stdout]    = note: `#[warn(unreachable_code)]` on by default
[INFO] [stdout] 
[INFO] [stdout] 
[INFO] [stdout] error: aborting due to 6 previous errors; 4 warnings emitted
[INFO] [stdout] 
[INFO] [stdout] 
[INFO] [stdout] For more information about this error, try `rustc --explain E0425`.
[INFO] [stdout] 
[INFO] [stderr] error: could not compile `mumble-rs`
[INFO] [stderr] 
[INFO] [stderr] To learn more, run the command again with --verbose.
[INFO] running `Command { std: "docker" "inspect" "7003b47a00fd361d19b8e66bfffff7a4a4a40a1141d05a41fd43d136c20d122e", kill_on_drop: false }`
[INFO] running `Command { std: "docker" "rm" "-f" "7003b47a00fd361d19b8e66bfffff7a4a4a40a1141d05a41fd43d136c20d122e", kill_on_drop: false }`
[INFO] [stdout] 7003b47a00fd361d19b8e66bfffff7a4a4a40a1141d05a41fd43d136c20d122e
